{"id":43,"date":"2015-01-19T14:19:28","date_gmt":"2015-01-19T13:19:28","guid":{"rendered":"https:\/\/anima.tv\/andreazurlini\/?page_id=43"},"modified":"2015-01-19T14:51:10","modified_gmt":"2015-01-19T13:51:10","slug":"presentazione-del-blog","status":"publish","type":"page","link":"https:\/\/anima.tv\/andreazurlini\/presentazione-del-blog\/","title":{"rendered":"Presentazione del blog"},"content":{"rendered":"<p><a href=\"https:\/\/anima.tv\/andreazurlini\/\" target=\"_blank\"><span data-reactid=\".o.$mid=11421436546856=2cb9daacdac6dc68b96.2:0.0.0.0.0.0.$end:0:$8:0\">LA VIA DELL&#8217;ALCHIMIA SUPERIOR<\/span><\/a><\/p>\n<p><span data-reactid=\".o.$mid=11421436546856=2cb9daacdac6dc68b96.2:0.0.0.0.0.0.$end:0:$8:0\"><a href=\"https:\/\/anima.tv\/andreazurlini\/wp-content\/uploads\/sites\/37\/2015\/01\/alch-gennaio.jpg\"><img loading=\"lazy\" decoding=\"async\" class=\"  wp-image-50 alignright\" src=\"https:\/\/anima.tv\/andreazurlini\/wp-content\/uploads\/sites\/37\/2015\/01\/alch-gennaio.jpg\" alt=\"alch-gennaio\" width=\"260\" height=\"260\" srcset=\"https:\/\/anima.tv\/wp-content\/uploads\/sites\/37\/2015\/01\/alch-gennaio.jpg 377w, https:\/\/anima.tv\/wp-content\/uploads\/sites\/37\/2015\/01\/alch-gennaio-150x150.jpg 150w, https:\/\/anima.tv\/wp-content\/uploads\/sites\/37\/2015\/01\/alch-gennaio-300x300.jpg 300w, https:\/\/anima.tv\/wp-content\/uploads\/sites\/37\/2015\/01\/alch-gennaio-125x125.jpg 125w, https:\/\/anima.tv\/wp-content\/uploads\/sites\/37\/2015\/01\/alch-gennaio-32x32.jpg 32w, https:\/\/anima.tv\/wp-content\/uploads\/sites\/37\/2015\/01\/alch-gennaio-64x64.jpg 64w, https:\/\/anima.tv\/wp-content\/uploads\/sites\/37\/2015\/01\/alch-gennaio-96x96.jpg 96w, https:\/\/anima.tv\/wp-content\/uploads\/sites\/37\/2015\/01\/alch-gennaio-128x128.jpg 128w\" sizes=\"auto, (max-width: 260px) 100vw, 260px\" \/><\/a>L\u2019Alchimia Superior \u00e8 quella branca dell\u2019Alchimia Trasformativa che racchiude una serie di insegnamenti volti a istruire ognuno come \u201cabbeverarsi alla fonte dove si crea l\u2019Oro\u201d. L\u2019Oro \u00e8 uno stato di coscienza. L\u2019Oro \u00e8 la gioia, la serenit\u00e0, l\u2019imperturbabilit\u00e0, la saggezza, la pazienza, la fede totale nella vita e la fiducia nella perfezione dell\u2019Uno. Ges\u00f9 lo chiamava \u201cIl Regno dei Cieli\u201d. <\/span><\/p>\n<p><span data-reactid=\".o.$mid=11421436546856=2cb9daacdac6dc68b96.2:0.0.0.0.0.0.$end:0:$10:0\">Ognuno di noi possiede un grande tesoro al proprio interno, una pietra di luce preziosa, una coppa sacra, una pietra filosofale, un cuore pronto a risvegliarsi per vibrare all\u2019unisono con l\u2019interno universo e vedere accadere meraviglie nel proprio quotidiano. <\/span><\/p>\n<p><span data-reactid=\".o.$mid=11421436546856=2cb9daacdac6dc68b96.2:0.0.0.0.0.0.$end:0:$10:0\">Il dolore, il male di vivere e l\u2019incapacit\u00e0 di accettare la vita e se stessi sono alcuni degli effetti prodotti da tutti quei veli d\u2019illusione che coprono la luce al nostro interno.\u00a0<\/span>La\u00a0scintilla divina vibra dentro di noi e niente pu\u00f2 spegnerla, niente pu\u00f2 abbatterla o negarla.<\/p>\n<p>L\u2019alchimista \u00e8 quella persona che ha scelto di alzarsi in piedi, vivere in maniera verticale, svegliarsi dal sogno di una societ\u00e0 illusoria e folle e liberarsi dalla schiavit\u00f9 della sofferenza.<\/p>\n<p><span data-reactid=\".o.$mid=11421436546856=2cb9daacdac6dc68b96.2:0.0.0.0.0.0.$end:0:$14:0\">Evolvere nella Gioia \u00e8 possibile. \u00c8\u00a0una possibilit\u00e0 alla portata di chi realmente lo desidera. L\u2019essere umano ottiene sempre ci\u00f2 che sceglie. <\/span><\/p>\n<p><span data-reactid=\".o.$mid=11421436546856=2cb9daacdac6dc68b96.2:0.0.0.0.0.0.$end:0:$16:0\">Occorre saper intraprendere la via della semplicit\u00e0. Ricordarsi che la vita \u00e8 semplice (ma la societ\u00e0 ci ha convinti del contrario e la mente se ne \u00e8 persuasa). Occorre ritornare semplici e umili, pi\u00f9 umili di un albero e pi\u00f9 leggeri di un filo d\u2019erba, recuperare la meraviglia e la semplicit\u00e0 dello \u201cscorrere\u201d e del \u201cfluire\u201d del tutto.<\/span><\/p>\n<p><span data-reactid=\".o.$mid=11421436546856=2cb9daacdac6dc68b96.2:0.0.0.0.0.0.$end:0:$18:0\">Con l\u2019Alchimia Superior agiremo attivamente stimolando il cuore ad aprirsi alla possibilit\u00e0 di \u201csettarci\u201d sulle frequenze e le alte vibrazioni della gioia e del regno dei cieli. Sinfonie che ci permettono la sperimentazione diretta della nostra capacit\u00e0 di godere la vita e le gioie dell\u2019anima.<\/span><\/p>\n<p><span data-reactid=\".o.$mid=11421436546856=2cb9daacdac6dc68b96.2:0.0.0.0.0.0.$end:0:$20:0\">In questa danza di amore e connessione, ci accorgiamo che stiamo evolvendo, che stiamo crescendo e che il nostro corpo fisico (e quello sottile) vengono lentamente trasformati da correnti energetiche molto pi\u00f9 grandi di noi. Stiamo cavalcando l\u2019onda della trasformazione consapevole.<\/span><\/p>\n<p><a href=\"https:\/\/anima.tv\/blog\/author\/andreazurlini\/\" target=\"_blank\">Andrea Zurlini<\/a><\/p>\n<p>&nbsp;<\/p>\n<p>&nbsp;..<\/p>\n","protected":false},"excerpt":{"rendered":"<p>LA VIA DELL&#8217;ALCHIMIA SUPERIOR L\u2019Alchimia Superior \u00e8 quella branca dell\u2019Alchimia Trasformativa che racchiude una serie di insegnamenti volti a istruire ognuno come \u201cabbeverarsi alla fonte dove si crea l\u2019Oro\u201d. L\u2019Oro \u00e8 uno stato di coscienza. L\u2019Oro \u00e8 la gioia, la serenit\u00e0, l\u2019imperturbabilit\u00e0, la saggezza, la pazienza, la fede totale nella vita e la fiducia nella [&hellip;]<\/p>\n","protected":false},"author":979,"featured_media":0,"parent":0,"menu_order":0,"comment_status":"open","ping_status":"open","template":"","meta":{"_acf_changed":false,"site-sidebar-layout":"default","site-content-layout":"","ast-site-content-layout":"default","site-content-style":"default","site-sidebar-style":"default","ast-global-header-display":"","ast-banner-title-visibility":"","ast-main-header-display":"","ast-hfb-above-header-display":"","ast-hfb-below-header-display":"","ast-hfb-mobile-header-display":"","site-post-title":"","ast-breadcrumbs-content":"","ast-featured-img":"","footer-sml-layout":"","ast-disable-related-posts":"","theme-transparent-header-meta":"","adv-header-id-meta":"","stick-header-meta":"","header-above-stick-meta":"","header-main-stick-meta":"","header-below-stick-meta":"","astra-migrate-meta-layouts":"default","ast-page-background-enabled":"default","ast-page-background-meta":{"desktop":{"background-color":"","background-image":"","background-repeat":"repeat","background-position":"center center","background-size":"auto","background-attachment":"scroll","background-type":"","background-media":"","overlay-type":"","overlay-color":"","overlay-opacity":"","overlay-gradient":""},"tablet":{"background-color":"","background-image":"","background-repeat":"repeat","background-position":"center center","background-size":"auto","background-attachment":"scroll","background-type":"","background-media":"","overlay-type":"","overlay-color":"","overlay-opacity":"","overlay-gradient":""},"mobile":{"background-color":"","background-image":"","background-repeat":"repeat","background-position":"center center","background-size":"auto","background-attachment":"scroll","background-type":"","background-media":"","overlay-type":"","overlay-color":"","overlay-opacity":"","overlay-gradient":""}},"ast-content-background-meta":{"desktop":{"background-color":"var(--ast-global-color-5)","background-image":"","background-repeat":"repeat","background-position":"center center","background-size":"auto","background-attachment":"scroll","background-type":"","background-media":"","overlay-type":"","overlay-color":"","overlay-opacity":"","overlay-gradient":""},"tablet":{"background-color":"var(--ast-global-color-5)","background-image":"","background-repeat":"repeat","background-position":"center center","background-size":"auto","background-attachment":"scroll","background-type":"","background-media":"","overlay-type":"","overlay-color":"","overlay-opacity":"","overlay-gradient":""},"mobile":{"background-color":"var(--ast-global-color-5)","background-image":"","background-repeat":"repeat","background-position":"center center","background-size":"auto","background-attachment":"scroll","background-type":"","background-media":"","overlay-type":"","overlay-color":"","overlay-opacity":"","overlay-gradient":""}},"footnotes":""},"coauthors":[6],"class_list":["post-43","page","type-page","status-publish","hentry"],"acf":[],"_links":{"self":[{"href":"https:\/\/anima.tv\/andreazurlini\/wp-json\/wp\/v2\/pages\/43","targetHints":{"allow":["GET"]}}],"collection":[{"href":"https:\/\/anima.tv\/andreazurlini\/wp-json\/wp\/v2\/pages"}],"about":[{"href":"https:\/\/anima.tv\/andreazurlini\/wp-json\/wp\/v2\/types\/page"}],"author":[{"embeddable":true,"href":"https:\/\/anima.tv\/andreazurlini\/wp-json\/wp\/v2\/users\/979"}],"replies":[{"embeddable":true,"href":"https:\/\/anima.tv\/andreazurlini\/wp-json\/wp\/v2\/comments?post=43"}],"version-history":[{"count":4,"href":"https:\/\/anima.tv\/andreazurlini\/wp-json\/wp\/v2\/pages\/43\/revisions"}],"predecessor-version":[{"id":53,"href":"https:\/\/anima.tv\/andreazurlini\/wp-json\/wp\/v2\/pages\/43\/revisions\/53"}],"wp:attachment":[{"href":"https:\/\/anima.tv\/andreazurlini\/wp-json\/wp\/v2\/media?parent=43"}],"wp:term":[{"taxonomy":"author","embeddable":true,"href":"https:\/\/anima.tv\/andreazurlini\/wp-json\/wp\/v2\/coauthors?post=43"}],"curies":[{"name":"wp","href":"https:\/\/api.w.org\/{rel}","templated":true}]}}